rs of 51833.
17, 3049
List the prime factors of 46980.
2, 3, 5, 29
What are the prime factors of 73704?
2, 3, 37, 83
List the prime factors of 61651.
61651
List the prime factors of 41584.
2, 23, 113
List the prime factors of 797.
797
What are the prime factors of 1181?
1181
What are the prime factors of 100?
2, 5
List the prime factors of 78736.
2, 7, 19, 37
What are the prime factors of 8793?
3, 977
List the prime factors of 5070.
2, 3, 5, 13
What are the prime factors of 12094?
2, 6047
List the prime factors of 373.
373
What are the prime factors of 12002?
2, 17, 353
List the prime factors of 749.
7, 107
What are the prime factors of 3143?
7, 449
List the prime factors of 1546.
2, 773
List the prime factors of 355.
5, 71
List the prime factors of 23944.
2, 41, 73
What are the prime factors of 551?
19, 29
What are the prime factors of 22757?
7, 3251
List the prime factors of 23290.
2, 5, 17, 137
List the prime factors of 4876.
2, 23, 53
List the prime factors of 19177.
127, 151
What are the prime factors of 5566?
2, 11, 23
List the prime factors of 777.
3, 7, 37
List the prime factors of 6706.
2, 7, 479
What are the prime factors of 4590?
2, 3, 5, 17
List the prime factors of 3976.
2, 7, 71
List the prime factors of 496.
2, 31
What are the prime factors of 79811?
79811
List the prime factors of 4008.
2, 3, 167
List the prime factors of 576.
2, 3
List the prime factors of 62.
2, 31
List the prime factors of 52530.
2, 3, 5, 17, 103
List the prime factors of 4560.
2, 3, 5, 19
What are the prime factors of 49383?
3, 31, 59
What are the prime factors of 26370?
2, 3, 5, 293
List the prime factors of 1121.
19, 59
List the prime factors of 504.
2, 3, 7
What are the prime factors of 805?
5, 7, 23
List the prime factors of 44348.
2, 11087
List the prime factors of 440.
2, 5, 11
List the prime factors of 534.
2, 3, 89
List the prime factors of 12685.
5, 43, 59
What are the prime factors of 5277?
3, 1759
List the prime factors of 30360.
2, 3, 5, 11, 23
List the prime factors of 11492.
2, 13, 17
What are the prime factors of 4581?
3, 509
What are the prime factors of 3050?
2, 5, 61
List the prime factors of 3404.
2, 23, 37
List the prime factors of 59824.
2, 3739
List the prime factors of 34323.
3, 17, 673
List the prime factors of 62038.
2, 31019
What are the prime factors of 9081?
3, 1009
What are the prime factors of 3751?
11, 31
What are the prime factors of 2249?
13, 173
What are the prime factors of 1149?
3, 383
What are the prime factors of 1115?
5, 223
List the prime factors of 40214.
2, 20107
What are the prime factors of 110316?
2, 3, 29, 317
What are the prime factors of 42014?
2, 7, 3001
List the prime factors of 2090.
2, 5, 11, 19
List the prime factors of 6431.
59, 109
List the prime factors of 604.
2, 151
List the prime factors of 56648.
2, 73, 97
What are the prime factors of 110394?
2, 3, 6133
List the prime factors of 1227.
3, 409
What are the prime factors of 1586?
2, 13, 61
What are the prime factors of 817?
19, 43
What are the prime factors of 5557?
5557
What are the prime factors of 360?
2, 3, 5
What are the prime factors of 10503?
3, 389
What are the prime factors of 860?
2, 5, 43
List the prime factors of 2847.
3, 13, 73
What are the prime factors of 4261?
4261
What are the prime factors of 1469?
13, 113
List the prime factors of 43091.
41, 1051
List the prime factors of 13923.
3, 7, 13, 17
List the prime factors of 28391.
11, 29, 89
What are the prime factors of 1093?
1093
List the prime factors of 5865.
3, 5, 17, 23
List the prime factors of 5591.
5591
List the prime factors of 1851.
3, 617
List the prime factors of 5091.
3, 1697
List the prime factors of 8349.
3, 11, 23
List the prime factors of 38849.
53, 733
List the prime factors of 2513.
7, 359
What are the prime factors of 14918?
2, 7459
List the prime factors of 14987.
7, 2141
What are the prime factors of 6881?
7, 983
What are the prime factors of 2372?
2, 593
What are the prime factors of 55847?
11, 5077
List the prime factors of 914.
2, 457
What are the prime factors of 1355?
5, 271
What are the prime factors of 3386?
2, 1693
List the prime factors of 10393.
19, 547
List the prime factors of 597.
3, 199
What are the prime factors of 22034?
2, 23, 479
List the prime factors of 9032.
2, 1129
List the prime factors of 1770.
2, 3, 5, 59
What are the prime factors of 7702?
2, 3851
What are the prime factors of 3695?
5, 739
What are the prime factors of 1536?
2, 3
What are the prime factors of 545?
5, 109
What are the prime factors of 2178?
2, 3, 11
What are the prime factors of 18548?
2, 4637
List the prime factors of 593.
593
List the prime factors of 447.
3, 149
What are the prime factors of 516?
2, 3, 43
What are the prime factors of 5793?
3, 1931
What are the prime factors of 5973?
3, 11, 181
What are the prime factors of 3423?
3, 7, 163
What are the prime factors of 755?
5, 151
What are the prime factors of 3673?
3673
What are the prime factors of 78180?
2, 3, 5, 1303
What are the prime factors of 6411?
3, 2137
List the prime factors of 31161.
3, 13, 17, 47
What are the prime factors of 20302?
2, 10151
List the prime factors of 52196.
2, 13049
List the prime factors of 43.
43
What are the prime factors of 14564?
2, 11, 331
List the prime factors of 6882.
2, 3, 31, 37
List the prime factors of 22043.
7, 47, 67
List the prime factors of 857.
857
List the prime factors of 58119.
3, 19373
What are the prime factors of 3095?
5, 619
What are the prime factors of 481?
13, 37
What are the prime factors of 32846?
2, 11, 1493
What are the prime factors of 1646?
2, 823
What are the prime factors of 9320?
2, 5, 233
List the prime factors of 983.
983
What are the prime factors of 1667?
1667
What are the prime factors of 592?
2, 37
List the prime factors of 3176.
2, 397
List the prime factors of 12868.
2, 3217
List the prime factors of 12332.
2, 3083
What are the prime factors of 2481?
3, 827
List the prime factors of 9755.
5, 1951
List the prime factors of 1345.
5, 269
List the prime factors of 21303.
3, 263
List the prime factors of 67231.
67231
List the prime factors of 87309.
3, 89, 109
What are the prime factors of 17872?
2, 1117
What are the prime factors of 9926?
2, 7, 709
List the prime factors of 785.
5, 157
List the prime factors of 8464.
2, 23
List the prime factors of 927.
3, 103
What are the prime factors of 31?
31
What are the prime factors of 2040?
2, 3, 5, 17
List the prime factors of 453.
3, 151
List the prime factors of 231.
3, 7, 11
List the prime factors of 1111.
11, 101
What are the prime factors of 735?
3, 5, 7
List the prime factors of 780.
2, 3, 5, 13
What are the prime factors of 6032?
2, 13, 29
What are the prime factors of 3250?
2, 5, 13
List the prime factors of 2276.
2, 569
What are the prime factors of 35411?
17, 2083
List the prime factors of 3099.
3, 1033
What are the prime factors of 1347?
3, 449
List the prime factors of 5231.
5231
List the prime factors of 1020.
2, 3, 5, 17
List the prime factors of 2672.
2, 167
What are the prime factors of 3163?
3163
List the prime factors of 15225.
3, 5, 7, 29
What are the prime factors of 445?
5, 89
What are the prime factors of 236?
2, 59
What are the prime factors of 15023?
83, 181
What are the prime factors of 509?
509
What are the prime factors of 41209?
7, 29
List the prime factors of 1307.
1307
What are the prime factors of 30128?
2, 7, 269
What are the prime factors of 22727?
22727
List the prime factors of 416.
2, 13
What are the prime factors of 1847?
1847
What are the prime factors of 582?
2, 3, 97
List the prime factors of 11553.
3, 3851
List the prime factors of 1366.
2, 683
What are the prime factors of 19429?
19429
List the prime factors of 8822.
2, 11, 401
What are the prime factors of 375?
3, 5
List the prime factors of 22966.
2, 11483
What are the prime factors of 2067?
3, 13, 53
What are the prime factors of 1990?
2, 5, 199
What are the prime factors of 27675?
3, 5, 41
List the prime factors of 467.
467
List the prime factors of 3981.
3, 1327
What are the prime factors of 5178?
2, 3, 863
What are the prime factors of 82507?
82507
What are the prime factors of 275?
5, 11
What are the prime factors of 2471?
7, 353
What are the prime factors of 467?
467
What are the prime factors of 86614?
2